14?
263
In base 2, what is 10011011001 - 101?
10011010100
In base 3, what is -21 - -10101101?
10101010
In base 3, what is -1001 + 100?
-201
In base 2, what is -1011110 - -100?
-1011010
In base 15, what is 7b - 3?
78
In base 16, what is -62 + 7e?
1c
In base 16, what is 1c4 - 5?
1bf
In base 12, what is 981 - 1?
980
In base 10, what is -5 - -880?
875
In base 14, what is -73 + 0?
-73
In base 11, what is -4 - 126?
-12a
In base 16, what is -5 + -cc5?
-cca
In base 3, what is 1 - -12210120?
12210121
In base 13, what is -22 - -3?
-1c
In base 2, what is -110011100110 - 101?
-110011101011
In base 11, what is 8 - -55?
62
In base 12, what is 12 - 3a?
-28
In base 6, what is -1153 - 2?
-1155
In base 10, what is -4 + -10?
-14
In base 14, what is 3 - -7?
a
In base 5, what is 114 - -3?
122
In base 12, what is -12 - 96?
-a8
In base 16, what is -1e - 4c?
-6a
In base 14, what is 0 + 0?
0
In base 16, what is 1f + -3?
1c
In base 2, what is -1111 - 1101?
-11100
In base 9, what is 5 - -310?
315
In base 14, what is 1 - -20?
21
In base 6, what is 34 - -3054?
3132
In base 10, what is 11 - -237?
248
In base 16, what is 1 + 1b?
1c
In base 4, what is -10 + 3030?
3020
In base 9, what is 3 + -18?
-15
In base 2, what is 10101 - 0?
10101
In base 6, what is 3 - 2504?
-2501
In base 8, what is 215 + -12?
203
In base 5, what is -311021 - 2?
-311023
In base 2, what is 10111 + -1?
10110
In base 13, what is 9 + -202?
-1c6
In base 6, what is -11 - -32?
21
In base 10, what is -4 - 7?
-11
In base 14, what is 8 - 7?
1
In base 8, what is 4 - 136?
-132
In base 10, what is 1 - -6513?
6514
In base 2, what is -1 - 101001010?
-101001011
In base 2, what is -1110010011001 - 1?
-1110010011010
In base 2, what is -101100 + 100001?
-1011
In base 7, what is 2 - -15?
20
In base 4, what is -1320031 + -10?
-1320101
In base 16, what is 3 - -1b5?
1b8
In base 16, what is -3 + 35c?
359
In base 4, what is -3 + 122?
113
In base 16, what is -d5d - 5?
-d62
In base 6, what is 145 + 141?
330
In base 9, what is -1367 - 0?
-1367
In base 2, what is -10 + -110000110?
-110001000
In base 15, what is -5 - -38?
33
In base 15, what is 1c7 - -2?
1c9
In base 11, what is 52 - -13?
65
In base 5, what is 24130 - 2?
24123
In base 16, what is e9 + -1d?
cc
In base 8, what is 20 + -323?
-303
In base 14, what is 8d1 + 0?
8d1
In base 16, what is -2 + f?
d
In base 4, what is 3 - 12010?
-12001
In base 11, what is -5 - -41?
37
In base 5, what is -43 - -234?
141
In base 10, what is -37 - 7?
-44
In base 12, what is -46 - 2b?
-75
In base 3, what is -10021 - -110?
-2211
In base 2, what is -11111 + -100011?
-1000010
In base 7, what is 51540 - -3?
51543
In base 6, what is 205421 - 3?
205414
In base 12, what is -1313 - -b?
-1304
In base 9, what is 3 + -4777?
-4774
In base 7, what is -4 - -104?
100
In base 16, what is 0 - -35?
35
In base 4, what is 1 - -222?
223
In base 8, what is 7 + 7?
16
In base 4, what is 301 + -100?
201
In base 9, what is -5 + -1280?
-1285
In base 7, what is 140 + 1?
141
In base 10, what is 4 + -905?
-901
In base 5, what is -1 - -113?
112
In base 12, what is 30 - -19?
49
In base 15, what is 4 + -15ce?
-15ca
In base 7, what is 3213 + -1?
3212
In base 4, what is 10 - 1311?
-1301
In base 15, what is 25 - -94?
b9
In base 12, what is 3 + -225?
-222
In base 12, what is -4 + -17?
-1b
In base 15, what is -411e - 2?
-4121
In base 13, what is -3 - -b7?
b4
In base 14, what is 189 + a?
195
In base 13, what is -525 - 2?
-527
In base 11, what is -214 - 12?
-226
In base 13, what is 7 + -1b83?
-1b79
In base 4, what is 12323 - 2?
12321
In base 11, what is -585 + 4?
-581
In base 15, what is 10c + -5?
107
In base 5, what is -3041 + -2?
-3043
In base 14, what is 19d - 3?
19a
In base 5, what is -31021 + 1?
-31020
In base 16, what is 4 + 268?
26c
In base 8, what is -2 + -731?
-733
In base 4, what is 12331 + -20?
12311
In base 11, what is -1 + -54?
-55
In base 7, what is 125 - -22?
150
In base 2, what is 11111000100 - 11?
11111000001
In base 14, what is -2 + 5ab?
5a9
In base 10, what is -16 + 678?
662
In base 14, what is 1 + 40a?
40b
In base 15, what is 8 - 43?
-3a
In base 13, what is -47c + -4?
-483
In base 10, what is -14 + 6?
-8
In base 8, what is -1173 - 3?
-1176
In base 15, what is -5 + -32d?
-333
In base 9, what is 88 - -3?
102
In base 8, what is -5 + -1605?
-1612
In base 3, what is 2112 + 1100?
10212
In base 7, what is -12 + -14?
-26
In base 16, what is -5 + e6?
e1
In base 8, what is 33 - 24?
7
In base 6, what is 0 - 155?
-155
In base 5, what is -1 + -433?
-434
In base 9, what is -10 - -5?
-4
In base 14, what is -a42 - -5?
-a3b
In base 3, what is 10 - 10100?
-10020
In base 10, what is -14 - 17?
-31
In base 6, what is 44 - -1?
45
In base 7, what is 2 - -10010?
10012
In base 6, what is 20 + 2431?
2451
In base 16, what is -4 + e7?
e3
In base 11, what is -10a1 + 10?
-1091
In base 12, what is -3 - 2957?
-295a
In base 14, what is 5d4 - 0?
5d4
In base 2, what is -1111 - -1011?
-100
In base 12, what is -4b6 + -18?
-512
In base 3, what is -10 + 22001?
21221
In base 6, what is 4 + -2521?
-2513
In base 4, what is 21113 - -13?
21132
In base 13, what is 46 + -25?
21
In base 10, what is -3 - 19?
-22
In base 3, what is 21 - -120?
211
In base 12, what is -5355 - 2?
-5357
In base 12, what is -141 - 1?
-142
In base 9, what is 57 - -1?
58
In base 16, what is 0 + bcd?
bcd
In base 4, what is -21 + 22332?
22311
In base 13, what is -4 - 77?
-7b
In base 9, what is -4 + -46?
-51
In base 14, what is -4 - -25?
21
In base 7, what is -6 - -20?
11
In base 4, what is 110 + -31?
13
In base 15, what is -6 + -527?
-52d
In base 12, what is -611 - -2?
-60b
In base 16, what is 2 + 9?
b
In base 2, what is -1100 - 10001001?
-10010101
In base 5, what is -44 - 1?
-100
In base 9, what is 735 - 1?
734
In base 3, what is -12 - -2002?
1220
In base 14, what is 4 + 3b4?
3b8
In base 16, what is -1f0 - -3?
-1ed
In base 8, what is 2 - 501?
-477
In base 4, what is -13221 - -3?
-13212
In base 7, what is -4 + 44?
40
In base 8, what is -14 - -221?
205
In base 14, what is -5 + 5b?
56
In base 13, what is -1 - -94?
93
In base 16, what is -96 + 3?
-93
In base 6, what is -204420 + 5?
-204411
In base 11, what is 68 + 8?
75
In base 9, what is 337 + -4?
333
In base 7, what is -5 + -2011?
-2016
In base 5, what is -223112 - 0?
-223112
In base 9, what is 835 + -2?
833
In base 2, what is 110010 - 1010010?
-100000
In base 15, what is -6b - -8?
-63
In base 16, what is 75 + 4?
79
In base 7, what is -31463 + 5?
-31455
In base 7, what is 2 + 33?
35
In base 15, what is -9 + -9?
-13
In base 3, what is 1102 + -101?
1001
In base 16, what is -499 + 2?
-497
In base 7, what is -4 - 31?
-35
In base 12, what is 11 - -47?
58
In base 14, what is -5 - 54?
-59
In base 10, what is -12 + 22?
10
In base 9, what is -1 - -2877?
2876
In base 7, what is -406 + 12?
-364
In base 12, what is -212 + 2?
-210
In base 12, what is 123 - -2?
125
In base 6, what is -10414 + 10?
-10404
In base 7, what is -413 - -4?
-406
In base 2, what is 1 - -1101?
1110
In base 12, what is 8 + 246?
252
In base 6, what is -42 + -1101?
-1143
In base 4, what is 31 + 20?
111
In base 11, what is 0 - -30?
30
In base 12, what is -33 + 1a?
-15
In base 11, what is -509 - 9?
-517
In base 6, what is -554 + -14?
-1012
In base 5, what is -11 - 21?
-32
In base 10, what is 0 + 81?
81
In base 16, what is -3486 + -5?
-348b
In base 11, what is 33 - -2?
35
In base 9, what is 481 + 2?
483
In base 11, what is -362 + -23?
-385
In base 11, what is 1829 + 3?
1831
In base 13, what is 70 - b8?
-48
In base 13, what is 28 - 2?
26
In base 10, what is -1002 + 3?
-999
In base 4, what is 102 - -32?
200
In base 6, what is 34 + 1004?
1042
In base 8, what is -1 + -245?
-246
In base 11, what is 3 + -431?
-429
In base 10, what is 84 + 3?
87
In base 7, what is -3 - 3166?
-3202
In base 11, what is -5 + -49?
-53
In base 5, what is 13 - 30?
-12
In base 7, what is -32 - 35?
-100
In base 7, what is -56 + 2?
-54
In base 16, what is 8 - 7?
1
In base 11, what is -3a - -8?
-32
In base 10, what is -136 + -19?
-155
In base 5, what is -34112 + 2?
-34110
In base 2, what is 1 - -111011?
111100
In base 6, what is 2143 + 14?
2201
In base 14, what is a - -1c?
28
In base 5, what is 10 - -3?
13
In base 3, what is -110 - 11?
-121
In base 13, what is 3 - 14?
-11
In base 5, what is 3 + 1043?
1101
In base 2, 